306 (base 11) to base 14
1c5
2978 (base 10) to base 4
232202
2145 (base 7) to base 6
3320
What is 143223 (base 6) in base 13?
6306
Convert -10120 (base 6) to base 3.
-1211210
b473 (base 13) to base 6
311241
Convert b9a (base 12) to base 10.
1702
What is -105502 (base 6) in base 16?
-234e
Convert 7c93 (base 16) to base 7.
161656
-3230 (base 5) to base 4
-12320
What is 102310 (base 4) in base 2?
10010110100
-6623 (base 8) to base 16
-d93
Convert 44133 (base 6) to base 3.
22101010
3330 (base 6) to base 12
546
-a56 (base 13) to base 11
-1361
Convert 360553 (base 7) to base 5.
4040420
Convert -10a (base 14) to base 6.
-542
Convert 448 (base 11) to base 13.
323
What is 2010002 (base 3) in base 6?
11045
What is -231122 (base 4) in base 16?
-b5a
What is -358 (base 9) in base 13?
-19a
What is -3200343 (base 5) in base 12?
-26973
d1 (base 15) to base 14
100
What is -75 (base 11) in base 9?
-101
220000 (base 3) to base 6
3000
What is 12222200 (base 3) in base 8?
10415
What is 40c1 (base 13) in base 14?
338d
What is 1022221112 (base 3) in base 13?
bc09
-42123 (base 6) to base 15
-1a2c
What is -2010122200 (base 3) in base 9?
-63580
-13635 (base 15) to base 13
-2239a
Convert -1400 (base 6) to base 14.
-1ba
Convert 39c2 (base 13) to base 3.
102100022
Convert -1011100100001 (base 2) to base 14.
-222d
Convert 3332 (base 4) to base 7.
512
What is -127 (base 16) in base 10?
-295
Convert 1344 (base 5) to base 2.
11100000
-12a2 (base 11) to base 4
-122111
What is b874 (base 13) in base 12?
129a6
What is 132 (base 12) in base 15?
c2
153 (base 11) to base 4
2303
5d7b (base 15) to base 6
232112
What is -1 (base 5) in base 4?
-1
-10040 (base 5) to base 7
-1611
4293 (base 15) to base 12
81a0
-1823 (base 12) to base 8
-5533
What is 2338 (base 16) in base 2?
10001100111000
Convert 44212 (base 5) to base 12.
1929
What is -1405 (base 8) in base 13?
-476
What is c23 (base 16) in base 10?
3107
Convert 699 (base 14) to base 5.
20221
-7b1 (base 15) to base 8
-3315
-187 (base 14) to base 16
-13b
Convert 2275 (base 15) to base 11.
5546
What is -1623 (base 7) in base 13?
-3b4
What is -8c5 (base 13) in base 7?
-4261
Convert -17562 (base 11) to base 8.
-60067
Convert -111222 (base 5) to base 11.
-2a5a
What is 2154 (base 8) in base 10?
1132
Convert -2cc6 (base 13) to base 8.
-14670
-3131110 (base 4) to base 15
-42e4
What is -20110020 (base 3) in base 9?
-6406
What is 603 (base 15) in base 5?
20403
Convert -303042 (base 5) to base 6.
-113124
Convert 2613 (base 11) to base 16.
d4a
Convert 24112 (base 5) to base 7.
5124
What is 1446 (base 10) in base 11?
10a5
Convert -3215 (base 16) to base 4.
-3020111
What is -b57 (base 16) in base 10?
-2903
What is -1003203 (base 4) in base 6?
-32003
What is -1000100100011 (base 2) in base 12?
-2657
Convert 632 (base 9) to base 5.
4030
Convert -2041104 (base 5) to base 15.
-a0a4
What is 25046 (base 7) in base 11?
4a16
-1301 (base 8) to base 5
-10310
What is 1141242 (base 6) in base 14?
17baa
-1454 (base 6) to base 10
-394
Convert -455144 (base 6) to base 12.
-1a4b4
What is 132100 (base 5) in base 10?
5275
Convert 4141 (base 6) to base 15.
41a
Convert -2438 (base 9) to base 3.
-2111022
What is -100011111 (base 2) in base 6?
-1155
What is c9e5 (base 16) in base 8?
144745
Convert cd8d (base 14) to base 12.
18729
1641 (base 9) to base 8
2344
Convert 1010101010 (base 2) to base 4.
22222
Convert -733 (base 12) to base 11.
-872
4342 (base 7) to base 2
11000001101
-4abb (base 12) to base 11
-6423
Convert 4008 (base 10) to base 16.
fa8
-103a (base 12) to base 9
-2381
-104344 (base 5) to base 16
-e8c
-692 (base 16) to base 7
-4622
What is 110111110 (base 2) in base 9?
545
Convert -1021220 (base 3) to base 5.
-12232
Convert 707 (base 10) to base 9.
865
Convert -4b89 (base 12) to base 3.
-102210120
What is -1000100111 (base 2) in base 15?
-26b
Convert 902b (base 13) to base 14.
7310
What is -3355 (base 9) in base 3?
-10101212
Convert -b5c3 (base 13) to base 5.
-1301141
What is 55 (base 16) in base 10?
85
What is -6762 (base 13) in base 16?
-386d
What is 10404 (base 5) in base 10?
729
-12850 (base 10) to base 2
-11001000110010
What is 1a90 (base 15) in base 14?
2156
What is 12103313 (base 4) in base 10?
25847
-9893 (base 12) to base 9
-25053
Convert -27239 (base 12) to base 11.
-37551
What is 32433 (base 5) in base 10?
2243
-101001010100 (base 2) to base 3
-10121221
18d73 (base 14) to base 10
63017
-4533 (base 10) to base 12
-2759
-1348 (base 9) to base 11
-844
10121 (base 3) to base 13
76
28361 (base 9) to base 15
5a87
2570 (base 9) to base 12
1146
Convert -110101000100101 (base 2) to base 7.
-142136
What is -cdc (base 14) in base 11?
-1a05
What is -2212102 (base 4) in base 3?
-112121011
Convert -26e8 (base 16) to base 4.
-2123220
100100000110110 (base 2) to base 9
27320
What is 34219 (base 10) in base 2?
1000010110101011
What is -112132 (base 5) in base 8?
-7712
-62870 (base 11) to base 12
-44b95
-40ac (base 13) to base 8
-21342
-656 (base 7) to base 16
-14f
Convert 204 (base 13) to base 8.
526
What is -2555 (base 8) in base 2?
-10101101101
3260 (base 9) to base 5
34103
What is 1c85 (base 14) in base 9?
7132
What is -53241 (base 7) in base 12?
-7749
Convert 41a2 (base 14) to base 9.
16461
7171 (base 12) to base 13
57c1
What is 54 (base 7) in base 5?
124
192 (base 16) to base 3
112220
27c (base 16) to base 8
1174
Convert -43416 (base 9) to base 7.
-146610
What is 180 (base 16) in base 15?
1a9
-683b (base 14) to base 2
-100011010100101
Convert -7621 (base 10) to base 15.
-23d1
Convert 100102011 (base 3) to base 7.
26002
Convert -10100011011 (base 2) to base 15.
-5c2
What is -30261 (base 7) in base 5?
-213334
What is -97b4 (base 14) in base 6?
-321230
-5044 (base 7) to base 3
-2101201
Convert -3111120 (base 4) to base 12.
-7aa0
Convert -af (base 16) to base 3.
-20111
-2103 (base 6) to base 7
-1242
-308 (base 15) to base 7
-1664
Convert -11122221 (base 3) to base 8.
-6510
What is 13860 (base 10) in base 5?
420420
What is 21ae (base 15) in base 10?
7139
Convert -10230 (base 4) to base 13.
-1a1
574 (base 12) to base 2
1100101000
-101001 (base 5) to base 6
-23015
What is 341224 (base 5) in base 16?
2f20
74a6 (base 12) to base 15
3bd3
31 (base 8) to base 14
1b
What is a45 (base 16) in base 10?
2629
What is 23013113 (base 4) in base 5?
2424102
What is 12100 (base 4) in base 7?
1111
What is 10310023 (base 4) in base 9?
30044
Convert 123233 (base 4) to base 5.
24100
Convert cc (base 16) to base 12.
150
-1a1 (base 13) to base 8
-454
-965 (base 15) to base 6
-13452
-12132133 (base 4) to base 7
-140224
What is 25db (base 15) in base 6?
101225
Convert -184 (base 14) to base 7.
-624
What is 1020443 (base 5) in base 16?
4266
What is -30783 (base 10) in base 12?
-15993
10b65 (base 14) to base 6
512125
Convert -57630 (base 10) to base 12.
-29426
Convert 11905 (base 11) to base 6.
211002
-47133 (base 8) to base 12
-b737
30055 (base 6) to base 4
331103
What is 6bb0 (base 12) in base 14?
4592
Convert -110000101010 (base 2) to base 13.
-1557
12574 (base 10) to base 11
94a1
What is -6b43 (base 12) in base 11?
-9022
What is -73948 (base 10) in base 3?
-10202102211
Convert -27d (base 15) to base 14.
-2c8
Convert 118b8 (base 12) to base 6.
301552
What is 33223 (base 4) in base 8?
1753
-579 (base 15) to base 9
-1626
-1145 (base 9) to base 4
-31103
Convert -113310 (base 4) to base 13.
-903
What is 660 (base 9) in base 11?
451
What is -706a (base 11) in base 16?
-24b1
What is 11301200 (base 4) in base 15?
7018
-45206 (base 7) to base 3
-120200002
What is 504 (base 11) in base 15?
2a9
-220200020 (base 3) to base 14
-67ac
What is 341 (base 11) in base 5?
3113
What is -343 (base 11) in base 6?
-1522
What is -12442 (base 13) in base 14?
-c3c1
What is -1111010020 (base 3) in base 15?
-89ec
Convert -432 (base 14) to base 13.
-4b9
Convert 10012100 (base 3) to base 7.
6540
Convert 6824 (base 10) to base 14.
26b6
3022041 (base 5) to base 7
261045
What is -662 (base 7) in base 4?
-11102
What is 54a3 (base 14) in base 6?
151451
Convert ca8 (base 15) to base 3.
10220212
What is -b038 (base 14) in base 5?
-1431414
66 (base 15) to base 2
1100000
What is 103313 (base 4) in base 11?
a56
Convert -36c (base 15) to base 14.
-3d7
Convert 110200012 (base 3) to base 8.
22027
73 (base 9) to base 13
51
Conver